{"id":525,"date":"2021-06-13T23:27:36","date_gmt":"2021-06-13T20:27:36","guid":{"rendered":"https:\/\/isfas2021.atauni.edu.tr\/?page_id=525"},"modified":"2021-08-20T19:41:49","modified_gmt":"2021-08-20T16:41:49","slug":"konusmacilar","status":"publish","type":"page","link":"https:\/\/isfas2021.atauni.edu.tr\/index.php\/tr\/konusmacilar\/","title":{"rendered":"KONU\u015eMACILAR"},"content":{"rendered":"\n<figure class=\"wp-block-table\"><table class=\"has-background\" style=\"background-color:#fcf0ef\"><tbody><tr><td class=\"has-text-align-center\" data-align=\"center\"><strong><span style=\"color:#a34200\" class=\"has-inline-color\">\u00c7A\u011eRILI KONU\u015eMACILAR<\/span><\/strong><\/td><\/tr><\/tbody><\/table><\/figure>\n\n\n\n<div class=\"wp-block-image\"><figure class=\"aligncenter size-full\"><img loading=\"lazy\" decoding=\"async\" width=\"1019\" height=\"337\" src=\"https:\/\/isfas2021.atauni.edu.tr\/wp-content\/uploads\/2021\/08\/image-3.png\" alt=\"\" class=\"wp-image-772\" srcset=\"https:\/\/isfas2021.atauni.edu.tr\/wp-content\/uploads\/2021\/08\/image-3.png 1019w, https:\/\/isfas2021.atauni.edu.tr\/wp-content\/uploads\/2021\/08\/image-3-300x99.png 300w, https:\/\/isfas2021.atauni.edu.tr\/wp-content\/uploads\/2021\/08\/image-3-768x254.png 768w\" sizes=\"auto, (max-width: 1019px) 100vw, 1019px\" \/><\/figure><\/div>\n\n\n\n<div class=\"wp-block-image\"><figure class=\"aligncenter size-full\"><img loading=\"lazy\" decoding=\"async\" width=\"701\" height=\"329\" src=\"https:\/\/isfas2021.atauni.edu.tr\/wp-content\/uploads\/2021\/08\/image-6.png\" alt=\"\" class=\"wp-image-777\" srcset=\"https:\/\/isfas2021.atauni.edu.tr\/wp-content\/uploads\/2021\/08\/image-6.png 701w, https:\/\/isfas2021.atauni.edu.tr\/wp-content\/uploads\/2021\/08\/image-6-300x141.png 300w\" sizes=\"auto, (max-width: 701px) 100vw, 701px\" \/><\/figure><\/div>\n\n\n\n<div class=\"wp-block-image\"><figure class=\"aligncenter size-full\"><img loading=\"lazy\" decoding=\"async\" width=\"1019\" height=\"333\" src=\"https:\/\/isfas2021.atauni.edu.tr\/wp-content\/uploads\/2021\/08\/image-5.png\" alt=\"\" class=\"wp-image-776\" srcset=\"https:\/\/isfas2021.atauni.edu.tr\/wp-content\/uploads\/2021\/08\/image-5.png 1019w, https:\/\/isfas2021.atauni.edu.tr\/wp-content\/uploads\/2021\/08\/image-5-300x98.png 300w, https:\/\/isfas2021.atauni.edu.tr\/wp-content\/uploads\/2021\/08\/image-5-768x251.png 768w\" sizes=\"auto, (max-width: 1019px) 100vw, 1019px\" \/><\/figure><\/div>\n","protected":false},"excerpt":{"rendered":"<p>\u00c7A\u011eRILI KONU\u015eMACILAR<\/p>\n","protected":false},"author":1,"featured_media":0,"parent":0,"menu_order":0,"comment_status":"closed","ping_status":"closed","template":"","meta":{"footnotes":""},"class_list":["post-525","page","type-page","status-publish","hentry"],"_links":{"self":[{"href":"https:\/\/isfas2021.atauni.edu.tr\/index.php\/wp-json\/wp\/v2\/pages\/525","targetHints":{"allow":["GET"]}}],"collection":[{"href":"https:\/\/isfas2021.atauni.edu.tr\/index.php\/wp-json\/wp\/v2\/pages"}],"about":[{"href":"https:\/\/isfas2021.atauni.edu.tr\/index.php\/wp-json\/wp\/v2\/types\/page"}],"author":[{"embeddable":true,"href":"https:\/\/isfas2021.atauni.edu.tr\/index.php\/wp-json\/wp\/v2\/users\/1"}],"replies":[{"embeddable":true,"href":"https:\/\/isfas2021.atauni.edu.tr\/index.php\/wp-json\/wp\/v2\/comments?post=525"}],"version-history":[{"count":16,"href":"https:\/\/isfas2021.atauni.edu.tr\/index.php\/wp-json\/wp\/v2\/pages\/525\/revisions"}],"predecessor-version":[{"id":780,"href":"https:\/\/isfas2021.atauni.edu.tr\/index.php\/wp-json\/wp\/v2\/pages\/525\/revisions\/780"}],"wp:attachment":[{"href":"https:\/\/isfas2021.atauni.edu.tr\/index.php\/wp-json\/wp\/v2\/media?parent=525"}],"curies":[{"name":"wp","href":"https:\/\/api.w.org\/{rel}","templated":true}]}}