{"id":293,"date":"2021-06-07T13:10:21","date_gmt":"2021-06-07T10:10:21","guid":{"rendered":"https:\/\/isfas2021.atauni.edu.tr\/?page_id=293"},"modified":"2021-09-17T19:39:31","modified_gmt":"2021-09-17T16:39:31","slug":"bilimsel-program","status":"publish","type":"page","link":"https:\/\/isfas2021.atauni.edu.tr\/index.php\/tr\/bilimsel-program\/","title":{"rendered":"SEMPOZYUM PROGRAMI"},"content":{"rendered":"\n<p class=\"has-text-color\" style=\"color:#ff0000\"><strong>SOME COUNTRIES HOURS ARE AT THE BOTTOM OF OUR WEBSITE. SET YOUR PROGRAM HOURS ACCORDING TO TURKEY TIME.<\/strong><\/p>\n\n\n\n<div data-wp-interactive=\"core\/file\" class=\"wp-block-file\"><object data-wp-bind--hidden=\"!state.hasPdfPreview\" hidden class=\"wp-block-file__embed\" data=\"https:\/\/isfas2021.atauni.edu.tr\/wp-content\/uploads\/2021\/09\/ISFAS-SEMPOZYUM-2021-PROGRAM-15.pdf\" type=\"application\/pdf\" style=\"width:100%;height:600px\" aria-label=\"ISFAS-SEMPOZYUM-2021-PROGRAM-15 g\u00f6m\u00fcs\u00fc. g\u00f6m\u00fcs\u00fc.\"><\/object><a href=\"https:\/\/isfas2021.atauni.edu.tr\/wp-content\/uploads\/2021\/09\/ISFAS-SEMPOZYUM-2021-PROGRAM-15.pdf\">ISFAS-SEMPOZYUM-2021-PROGRAM-15<\/a><a href=\"https:\/\/isfas2021.atauni.edu.tr\/wp-content\/uploads\/2021\/09\/ISFAS-SEMPOZYUM-2021-PROGRAM-15.pdf\" class=\"wp-block-file__button\" download>\u0130ndir<\/a><\/div>\n","protected":false},"excerpt":{"rendered":"<p>SOME COUNTRIES HOURS ARE AT THE BOTTOM OF OUR WEBSITE. SET YOUR PROGRAM HOURS ACCORDING TO TURKEY TIME.<\/p>\n","protected":false},"author":1,"featured_media":0,"parent":0,"menu_order":0,"comment_status":"closed","ping_status":"closed","template":"","meta":{"footnotes":""},"class_list":["post-293","page","type-page","status-publish","hentry"],"_links":{"self":[{"href":"https:\/\/isfas2021.atauni.edu.tr\/index.php\/wp-json\/wp\/v2\/pages\/293","targetHints":{"allow":["GET"]}}],"collection":[{"href":"https:\/\/isfas2021.atauni.edu.tr\/index.php\/wp-json\/wp\/v2\/pages"}],"about":[{"href":"https:\/\/isfas2021.atauni.edu.tr\/index.php\/wp-json\/wp\/v2\/types\/page"}],"author":[{"embeddable":true,"href":"https:\/\/isfas2021.atauni.edu.tr\/index.php\/wp-json\/wp\/v2\/users\/1"}],"replies":[{"embeddable":true,"href":"https:\/\/isfas2021.atauni.edu.tr\/index.php\/wp-json\/wp\/v2\/comments?post=293"}],"version-history":[{"count":24,"href":"https:\/\/isfas2021.atauni.edu.tr\/index.php\/wp-json\/wp\/v2\/pages\/293\/revisions"}],"predecessor-version":[{"id":905,"href":"https:\/\/isfas2021.atauni.edu.tr\/index.php\/wp-json\/wp\/v2\/pages\/293\/revisions\/905"}],"wp:attachment":[{"href":"https:\/\/isfas2021.atauni.edu.tr\/index.php\/wp-json\/wp\/v2\/media?parent=293"}],"curies":[{"name":"wp","href":"https:\/\/api.w.org\/{rel}","templated":true}]}}