{"id":192,"date":"2021-05-12T09:14:14","date_gmt":"2021-05-12T06:14:14","guid":{"rendered":"https:\/\/codeless.co\/regn\/conference\/?page_id=6"},"modified":"2021-09-02T15:03:32","modified_gmt":"2021-09-02T12:03:32","slug":"anasayfa","status":"publish","type":"page","link":"https:\/\/isfas2021.atauni.edu.tr\/index.php\/tr\/anasayfa\/","title":{"rendered":"Anasayfa"},"content":{"rendered":"<p>[vc_row full_width=&#8221;stretch_row&#8221; equal_height=&#8221;yes&#8221; content_placement=&#8221;middle&#8221; shape_top_height=&#8221;300px&#8221; shape_bottom_style=&#8221;wave_thin&#8221; css=&#8221;.vc_custom_1623611007454{padding-top: 210px !important;padding-bottom: 230px !important;background: #180250 url(https:\/\/isfas2021.atauni.edu.tr\/wp-content\/uploads\/2021\/06\/pexels-pixabay-41949-1.jpg?id=510) !important;background-position: center !important;background-repeat: no-repeat !important;background-size: cover !important;}&#8221;][vc_column width=&#8221;1\/2&#8243;][vc_custom_heading use_theme_fonts=&#8221;&#8221; responsive_font_size=&#8221;40px&#8221; responsive_line_height=&#8221;40px&#8221; text=&#8221;1st INTERNATIONAL<br \/>\nSYMPOSIUM ON RECENT<br \/>\nADVANCES IN FUNDAMENTAL<br \/>\nAND APPLIED SCIENCES<br \/>\nATAT\u00dcRK UNIVERSITY,<br \/>\nERZURUM, TURKEY&#8221; font_container=&#8221;tag:h2|font_size:50px|text_align:left|color:%23ffffff|line_height:55px&#8221; google_fonts=&#8221;font_family:Montserrat%3Aregular%2C700|font_style:700%20bold%20regular%3A700%3Anormal&#8221;][vc_column_text]<a style=\"color: #fff; font-size: 24px;\" href=\"mailto:isfas@atauni.edu.tr\">isfas@atauni.edu.tr<\/a>[\/vc_column_text][\/vc_column][vc_column width=&#8221;1\/2&#8243; css=&#8221;.vc_custom_1570269262471{padding-bottom: 75px !important;padding-left: 80px !important;}&#8221; offset=&#8221;vc_hidden-sm vc_hidden-xs&#8221;][vc_custom_heading use_theme_fonts=&#8221;&#8221; text=&#8221;ISFAS-2021&#8243; font_container=&#8221;tag:h2|font_size:30px|text_align:center|color:%23ffffff|line_height:30px&#8221; google_fonts=&#8221;font_family:Anonymous%20Pro%3Aregular%2Citalic%2C700%2C700italic|font_style:700%20bold%20regular%3A700%3Anormal&#8221; css=&#8221;.vc_custom_1623610466313{margin-bottom: 0px !important;background-color: #f05c51 !important;}&#8221;][vc_custom_heading use_theme_fonts=&#8221;&#8221; text=&#8221;10-12 EYL\u00dcL 2021<br \/>\nKATILIM \u00dcCRETS\u0130Z&#8221; font_container=&#8221;tag:h2|font_size:36px|text_align:center|color:%23ffffff|line_height:40px&#8221; google_fonts=&#8221;font_family:Anonymous%20Pro%3Aregular%2Citalic%2C700%2C700italic|font_style:700%20bold%20regular%3A700%3Anormal&#8221; css=&#8221;.vc_custom_1623613091528{background-color: #f05c51 !important;}&#8221;][\/vc_column][\/vc_row][vc_row full_width=&#8221;stretch_row&#8221; shape_top_style=&#8221;default&#8221; shape_top_height=&#8221;100px&#8221; el_id=&#8221;about&#8221; css=&#8221;.vc_custom_1623060040467{padding-top: 10px !important;padding-bottom: 220px !important;background: #f9fbfc url(https:\/\/isfas2021.atauni.edu.tr\/wp-content\/uploads\/2019\/09\/contrans.jpg?id=231) !important;background-position: center !important;background-repeat: no-repeat !important;background-size: cover !important;}&#8221; el_class=&#8221;row_space_&#8221;][vc_column][vc_custom_heading text=&#8221;Sevgili meslekta\u015flar\u0131m,&#8221; css=&#8221;.vc_custom_1623065467630{margin-left: -105px !important;padding-top: 20px !important;padding-bottom: 20px !important;padding-left: 105px !important;background-image: url(https:\/\/isfas2021.atauni.edu.tr\/wp-content\/uploads\/2019\/09\/heading_bg.jpg?id=244) !important;background-position: 0 0 !important;background-repeat: no-repeat !important;}&#8221; el_class=&#8221;heading_with_img&#8221;][vc_column_text]<\/p>\n<div style=\"text-align: justify;\">\n<p><span style=\"color: #3366ff;\">\u201c<strong>1st INTERNATIONAL SYMPOSIUM ON RECENT ADVANCES IN FUNDAMENTAL AND APPLIED SCIENCES<\/strong>\u201d <strong>(ISFAS-2021)<\/strong> 10-12 Eyl\u00fcl 2021 tarihlerinde Erzurum, T\u00dcRK\u0130YE\u2019de \u00c7EVR\u0130M \u0130\u00c7\u0130 olarak d\u00fczenlenecektir. ISFAS-2021, Temel ve Uygulamal\u0131 Bilimler temas\u0131yla \u00fc\u00e7 g\u00fcnl\u00fck bilimsel oturumlar, a\u00e7\u0131l\u0131\u015f konu\u015fmalar\u0131, s\u00f6zl\u00fc sunumlar\u0131n yan\u0131 s\u0131ra m\u00fckemmel a\u011f olu\u015fturma f\u0131rsatlar\u0131 sunmakt\u0131r. <strong>ISFAS-2021 <\/strong>uluslararas\u0131 akreditasyona sahip olup, ISBN\u2019li sempozyum kitab\u0131nda yay\u0131mlanan\u00a0<strong>\u00f6zet ve tam metinleriniz do\u00e7entlik ba\u015fvurular\u0131 dahil<\/strong>\u00a0t\u00fcm akademik kategorilerde kullan\u0131labilecektir.<\/span><\/p>\n<p><span style=\"color: #3366ff;\">Sempozyum dilleri: T\u00fcrk\u00e7e (t\u00fcm leh\u00e7eler) ve \u0130ngilizcedir.<\/span><\/p>\n<p><span style=\"color: #3366ff;\">\u00d6zet g\u00f6nderim i\u00e7in son tarih 1 Eyl\u00fcl 2021 olarak s\u0131n\u0131rland\u0131r\u0131lm\u0131\u015ft\u0131r.<\/span><\/p>\n<p><span style=\"color: #3366ff;\">Sempozyum kat\u0131l\u0131m\u0131 <strong>\u00fccretsizdir<\/strong>.<strong>\u00a0<\/strong><\/span><\/p>\n<p><span style=\"color: #3366ff;\"><strong>\u00a0<\/strong><\/span><\/p>\n<p><span style=\"color: #3366ff;\"><strong>Sempozyum hakk\u0131nda detayl\u0131 bilgiler:<\/strong><\/span><\/p>\n<ul>\n<li><span style=\"color: #3366ff;\"><em>Sempozyum, en az 5 \u00fclkeden konu\u015fmac\u0131, ara\u015ft\u0131rmac\u0131 ve akademisyenlerin kat\u0131l\u0131m\u0131 ile ger\u00e7ekle\u015ftirilecektir.<\/em><\/span><\/li>\n<li><span style=\"color: #3366ff;\"><strong><em>\u201c1st INTERNATIONAL SYMPOSIUM ON RECENT ADVANCES IN FUNDAMENTAL AND APPLIED SCIENCES\u201d\u00a0<\/em><\/strong><em> uluslararas\u0131 akreditasyona sahip olacakt\u0131r.<\/em><\/span><\/li>\n<li><span style=\"color: #3366ff;\"><em>Nitelikli e\u011fitim i\u00e7ermekte olup, s\u00fcrd\u00fcrebilir niteliktedir.<\/em><\/span><\/li>\n<li><span style=\"color: #3366ff;\"><em>Sempozyum \u00e7ok uluslu bilim kuruluna sahiptir.<\/em><\/span><\/li>\n<li><span style=\"color: #3366ff;\"><em>G\u00f6nderilen \u00f6zet metinler ve tam metinlerin birden fazla hakemin \u00f6n incelemesinden ge\u00e7irilerek kabul edilecektir.<\/em><\/span><\/li>\n<li><span style=\"color: #3366ff;\"><em>Kat\u0131l\u0131mc\u0131lar s\u0131n\u0131rl\u0131 say\u0131da olacakt\u0131r.<\/em><\/span><\/li>\n<li><span style=\"color: #3366ff;\"><em>Sempozyum, fiziksel s\u00f6zl\u00fc sunumda oldu\u011fu gibi do\u00e7entlik, y\u00fckselme ve atama kriterlerini kar\u015f\u0131lamaktad\u0131r.<\/em><\/span><\/li>\n<li><span style=\"color: #3366ff;\"><em>Do\u00e7entlik:\u00a0\u00dcAK mevzuat\u0131na g\u00f6re sempozyum uluslararas\u0131 niteliktedir. \u00d6\u011fretim \u00fcyeli\u011fi\/\u00f6\u011fretim g\u00f6revlili\u011fi atamalar\u0131, do\u00e7entlik ve profes\u00f6rl\u00fck kadrolar\u0131na atamalarda esas al\u0131nan kriterlerin tamam\u0131n\u0131 kar\u015f\u0131lamaktad\u0131r.<\/em><\/span><\/li>\n<li><span style=\"color: #3366ff;\"><em>Sempozyum sonras\u0131nda, sunum yapan kat\u0131l\u0131mc\u0131lar\u0131m\u0131z\u0131n kat\u0131l\u0131m belgeleri PDF olarak e-posta ile g\u00f6nderilecektir.<\/em><\/span><\/li>\n<li><span style=\"color: #3366ff;\"><em>Sunum, interaktif bir ortamda ger\u00e7ekle\u015fece\u011finden t\u00fcm kat\u0131l\u0131mc\u0131lar etkile\u015fim halinde olacaklard\u0131r.<\/em><\/span><\/li>\n<\/ul>\n<p>&nbsp;<\/p>\n<p><span style=\"color: #3366ff;\">Y\u00d6K Y\u00fcr\u00fctme Kurulu, 13.05.2020 tarih ve 30 numaral\u0131 toplant\u0131s\u0131nda; lisans\u00fcst\u00fc tezler ile makale, sempozyum ve sempozyum bildirileri, kitap ve her t\u00fcrl\u00fc bilimsel yay\u0131nlar\u0131n takibinde \u00f6\u011fretim elemanlar\u0131 ile tezli lisans\u00fcst\u00fc \u00f6\u011fretim programlar\u0131na kay\u0131tl\u0131 \u00f6\u011frencilerin Open Researcher and Contributor ID (ORCID) numaras\u0131 kullanmalar\u0131n\u0131n zorunlu tutulmas\u0131 husunda karar alm\u0131\u015ft\u0131r. Bu sebeple, \u00d6zet ve Tam metinlerinizi g\u00f6nderirken ORCID NO yaz\u0131lmas\u0131 zorunludur.<\/span><\/p>\n<p><span style=\"color: #3366ff;\"><strong>Sempozyuma ili\u015fkin t\u00fcm sorular\u0131n\u0131z i\u00e7in bizimle irtibata ge\u00e7ebilirsiniz.<\/strong><\/span><\/p>\n<p><span style=\"color: #3366ff;\"><strong>Sayg\u0131lar\u0131m\u0131zla.<\/strong><\/span><\/p>\n<p>&nbsp;<\/p>\n<p><span style=\"color: #3366ff;\">Sempozyum Ba\u015fkan\u0131: Do\u00e7. Dr. Hakan \u00d6ZKAN<\/span><\/p>\n<p><span style=\"color: #3366ff;\">Gen M\u00fchendisli\u011fi Anabilim Dal\u0131<\/span><\/p>\n<p><span style=\"color: #3366ff;\">daha fazla bilgi\u00a0 +90 532 652 15 37<\/span><\/p>\n<p><span style=\"color: #3366ff;\">e-posta: <a style=\"color: #3366ff;\" href=\"mailto:hakanozkan@atauni.edu.tr\">hakanozkan@atauni.edu.tr<\/a><\/span><\/p>\n<p>&nbsp;<\/p>\n<p><span style=\"color: #3366ff;\">Sempozyum E\u015f Ba\u015fkan\u0131: Do\u00e7. Dr. Bekir G\u00dcRBULAK<\/span><\/p>\n<p><span style=\"color: #3366ff;\">Genel Fizik Anabilim Dal\u0131<\/span><\/p>\n<p><span style=\"color: #3366ff;\">Atat\u00fcrk \u00dcniversitesi, Erzurum, T\u00dcRK\u0130YE<\/span><\/p>\n<p>&nbsp;<\/p>\n<p><span style=\"color: #3366ff;\">Ba\u015fkanlar:<\/span><\/p>\n<p><span style=\"color: #3366ff;\">Prof. Dr. \u00d6mer \u00c7OMAKLI: Onursal Ba\u015fkan, Atat\u00fcrk \u00dcniversitesi Rekt\u00f6r\u00fc<\/span><\/p>\n<p><span style=\"color: #3366ff;\">Do\u00e7. Dr. Hakan \u00d6ZKAN: Ba\u015fkan, Atat\u00fcrk \u00dcniversitesi<\/span><\/p>\n<p><span style=\"color: #3366ff;\">Do\u00e7. Dr. Bekir G\u00dcRBULAK: E\u015f Ba\u015fkan<\/span><\/p>\n<p><span style=\"color: #3366ff;\">Do\u00e7. Dr. Bekir G\u00dcRBULAK: Genel Sekreter<\/span><\/p>\n<p><span style=\"color: #3366ff;\">Do\u00e7. Dr. Esra KAVAZ : Genel Sekreter Yard\u0131mc\u0131s\u0131<\/span><\/p>\n<\/div>\n<p>[\/vc_column_text][vc_empty_space][\/vc_column][vc_column width=&#8221;1\/4&#8243; el_class=&#8221;list_column&#8221;][\/vc_column][\/vc_row]<\/p>\n","protected":false},"excerpt":{"rendered":"<p>[vc_row full_width=&#8221;stretch_row&#8221; equal_height=&#8221;yes&#8221; content_placement=&#8221;middle&#8221; shape_top_height=&#8221;300px&#8221; shape_bottom_style=&#8221;wave_thin&#8221; css=&#8221;.vc_custom_1623611007454{padding-top: 210px !important;padding-bottom: 230px !important;background: #180250 url(https:\/\/isfas2021.atauni.edu.tr\/wp-content\/uploads\/2021\/06\/pexels-pixabay-41949-1.jpg?id=510) !important;background-position: center !important;background-repeat: no-repeat !important;background-size: cover !important;}&#8221;][vc_column width=&#8221;1\/2&#8243;][vc_custom_heading use_theme_fonts=&#8221;&#8221; responsive_font_size=&#8221;40px&#8221; responsive_line_height=&#8221;40px&#8221; text=&#8221;1st INTERNATIONAL SYMPOSIUM ON RECENT ADVANCES IN FUNDAMENTAL AND APPLIED SCIENCES ATAT\u00dcRK UNIVERSITY, ERZURUM, TURKEY&#8221; font_container=&#8221;tag:h2|font_size:50px|text_align:left|color:%23ffffff|line_height:55px&#8221; google_fonts=&#8221;font_family:Montserrat%3Aregular%2C700|font_style:700%20bold%20regular%3A700%3Anormal&#8221;][vc_column_text]isfas@atauni.edu.tr[\/vc_column_text][\/vc_column][vc_column width=&#8221;1\/2&#8243; css=&#8221;.vc_custom_1570269262471{padding-bottom: 75px !important;padding-left: 80px !important;}&#8221; offset=&#8221;vc_hidden-sm vc_hidden-xs&#8221;][vc_custom_heading use_theme_fonts=&#8221;&#8221; text=&#8221;ISFAS-2021&#8243; font_container=&#8221;tag:h2|font_size:30px|text_align:center|color:%23ffffff|line_height:30px&#8221; google_fonts=&#8221;font_family:Anonymous%20Pro%3Aregular%2Citalic%2C700%2C700italic|font_style:700%20bold%20regular%3A700%3Anormal&#8221; css=&#8221;.vc_custom_1623610466313{margin-bottom: 0px [&hellip;]<\/p>\n","protected":false},"author":1,"featured_media":0,"parent":0,"menu_order":0,"comment_status":"closed","ping_status":"closed","template":"","meta":{"footnotes":""},"class_list":["post-192","page","type-page","status-publish","hentry"],"_links":{"self":[{"href":"https:\/\/isfas2021.atauni.edu.tr\/index.php\/wp-json\/wp\/v2\/pages\/192","targetHints":{"allow":["GET"]}}],"collection":[{"href":"https:\/\/isfas2021.atauni.edu.tr\/index.php\/wp-json\/wp\/v2\/pages"}],"about":[{"href":"https:\/\/isfas2021.atauni.edu.tr\/index.php\/wp-json\/wp\/v2\/types\/page"}],"author":[{"embeddable":true,"href":"https:\/\/isfas2021.atauni.edu.tr\/index.php\/wp-json\/wp\/v2\/users\/1"}],"replies":[{"embeddable":true,"href":"https:\/\/isfas2021.atauni.edu.tr\/index.php\/wp-json\/wp\/v2\/comments?post=192"}],"version-history":[{"count":49,"href":"https:\/\/isfas2021.atauni.edu.tr\/index.php\/wp-json\/wp\/v2\/pages\/192\/revisions"}],"predecessor-version":[{"id":814,"href":"https:\/\/isfas2021.atauni.edu.tr\/index.php\/wp-json\/wp\/v2\/pages\/192\/revisions\/814"}],"wp:attachment":[{"href":"https:\/\/isfas2021.atauni.edu.tr\/index.php\/wp-json\/wp\/v2\/media?parent=192"}],"curies":[{"name":"wp","href":"https:\/\/api.w.org\/{rel}","templated":true}]}}